 {"version":"1.0","provider_name":"Nexe Impressions","provider_url":"https:\/\/nexeimpressions.com\/fr\/","title":"La F\u00e1brica, Ricardo Bofill - Apartamento Publishing &#8211; Nexe Impressions","type":"rich","width":600,"height":338,"html":"<blockquote class=\"wp-embedded-content\" data-secret=\"lmZteNpkKp\"><a href=\"https:\/\/nexeimpressions.com\/fr\/portfolio_page\/la-fabrica-ricardo-bofill-apartamento-publishing\/\">La F\u00e1brica, Ricardo Bofill &#8211; Apartamento Publishing<\/a><\/blockquote><iframe sandbox=\"allow-scripts\" security=\"restricted\" src=\"https:\/\/nexeimpressions.com\/fr\/portfolio_page\/la-fabrica-ricardo-bofill-apartamento-publishing\/embed\/#?secret=lmZteNpkKp\" width=\"600\" height=\"338\" title=\"\u00ab\u00a0La F\u00e1brica, Ricardo Bofill &#8211; Apartamento Publishing\u00a0\u00bb &#8212; Nexe Impressions\" data-secret=\"lmZteNpkKp\" frameborder=\"0\" marginwidth=\"0\" marginheight=\"0\" scrolling=\"no\" class=\"wp-embedded-content\"><\/iframe><script type=\"text\/javascript\">\n\/* <![CDATA[ *\/\n\/*! This file is auto-generated *\/\n!function(d,l){\"use strict\";l.querySelector&&d.addEventListener&&\"undefined\"!=typeof URL&&(d.wp=d.wp||{},d.wp.receiveEmbedMessage||(d.wp.receiveEmbedMessage=function(e){var t=e.data;if((t||t.secret||t.message||t.value)&&!\/[^a-zA-Z0-9]\/.test(t.secret)){for(var s,r,n,a=l.querySelectorAll('iframe[data-secret=\"'+t.secret+'\"]'),o=l.querySelectorAll('blockquote[data-secret=\"'+t.secret+'\"]'),c=new RegExp(\"^https?:$\",\"i\"),i=0;i<o.length;i++)o[i].style.display=\"none\";for(i=0;i<a.length;i++)s=a[i],e.source===s.contentWindow&&(s.removeAttribute(\"style\"),\"height\"===t.message?(1e3<(r=parseInt(t.value,10))?r=1e3:~~r<200&&(r=200),s.height=r):\"link\"===t.message&&(r=new URL(s.getAttribute(\"src\")),n=new URL(t.value),c.test(n.protocol))&&n.host===r.host&&l.activeElement===s&&(d.top.location.href=t.value))}},d.addEventListener(\"message\",d.wp.receiveEmbedMessage,!1),l.addEventListener(\"DOMContentLoaded\",function(){for(var e,t,s=l.querySelectorAll(\"iframe.wp-embedded-content\"),r=0;r<s.length;r++)(t=(e=s[r]).getAttribute(\"data-secret\"))||(t=Math.random().toString(36).substring(2,12),e.src+=\"#?secret=\"+t,e.setAttribute(\"data-secret\",t)),e.contentWindow.postMessage({message:\"ready\",secret:t},\"*\")},!1)))}(window,document);\n\/\/# sourceURL=https:\/\/nexeimpressions.com\/wp-includes\/js\/wp-embed.min.js\n\/* ]]> *\/\n<\/script>\n","thumbnail_url":"https:\/\/nexeimpressions.com\/wp-content\/uploads\/2023\/05\/IMG_0308_1000x1000.jpg","thumbnail_width":1000,"thumbnail_height":1000,"description":"Apartamento Publishing La F\u00e1brica, Ricardo Bofill La F\u00e1brica, l'une des cr\u00e9ations les plus embl\u00e9matiques du c\u00e9l\u00e8bre architecte catalan Ricardo Bofill, est Apartamento presenta La F\u00e1brica de Ricardo Bofill. Una publicaci\u00f3 que recopila fotografies d'una de les obres m\u00e9s ic\u00f2niques de l'arquitecte catal\u00e0 capturades al llarg dels \u00faltims 10 anys."}

La Fábrica, Ricardo Bofill - Apartamento Publishing &#8211; Nexe Impressions

<blockquote class="wp-embedded-content" data-secret="lmZteNpkKp"><a href="https://nexeimpressions.com/fr/portfolio_page/la-fabrica-ricardo-bofill-apartamento-publishing/">La Fábrica, Ricardo Bofill &#8211; Apartamento Publishing</a></blockquote><iframe sandbox="allow-scripts" security="restricted" src="https://nexeimpressions.com/fr/portfolio_page/la-fabrica-ricardo-bofill-apartamento-publishing/embed/#?secret=lmZteNpkKp" width="600" height="338" title="« La Fábrica, Ricardo Bofill &#8211; Apartamento Publishing » &#8212; Nexe Impressions" data-secret="lmZteNpkKp" frameborder="0" marginwidth="0" marginheight="0" scrolling="no" class="wp-embedded-content"></iframe><script type="text/javascript">
/* <![CDATA[ */
/*! This file is auto-generated */
!function(d,l){"use strict";l.querySelector&&d.addEventListener&&"undefined"!=typeof URL&&(d.wp=d.wp||{},d.wp.receiveEmbedMessage||(d.wp.receiveEmbedMessage=function(e){var t=e.data;if((t||t.secret||t.message||t.value)&&!/[^a-zA-Z0-9]/.test(t.secret)){for(var s,r,n,a=l.querySelectorAll('iframe[data-secret="'+t.secret+'"]'),o=l.querySelectorAll('blockquote[data-secret="'+t.secret+'"]'),c=new RegExp("^https?:$","i"),i=0;i<o.length;i++)o[i].style.display="none";for(i=0;i<a.length;i++)s=a[i],e.source===s.contentWindow&&(s.removeAttribute("style"),"height"===t.message?(1e3<(r=parseInt(t.value,10))?r=1e3:~~r<200&&(r=200),s.height=r):"link"===t.message&&(r=new URL(s.getAttribute("src")),n=new URL(t.value),c.test(n.protocol))&&n.host===r.host&&l.activeElement===s&&(d.top.location.href=t.value))}},d.addEventListener("message",d.wp.receiveEmbedMessage,!1),l.addEventListener("DOMContentLoaded",function(){for(var e,t,s=l.querySelectorAll("iframe.wp-embedded-content"),r=0;r<s.length;r++)(t=(e=s[r]).getAttribute("data-secret"))||(t=Math.random().toString(36).substring(2,12),e.src+="#?secret="+t,e.setAttribute("data-secret",t)),e.contentWindow.postMessage({message:"ready",secret:t},"*")},!1)))}(window,document);
//# sourceURL=https://nexeimpressions.com/wp-includes/js/wp-embed.min.js
/* ]]> */
</script>

Apartamento Publishing La Fábrica, Ricardo Bofill La Fábrica, l'une des créations les plus emblématiques du célèbre architecte catalan Ricardo Bofill, est Apartamento presenta La Fábrica de Ricardo Bofill. Una publicació que recopila fotografies d'una de les obres més icòniques de l'arquitecte català capturades al llarg dels últims 10 anys.
